321132
What is 46a8 (base 13) in base 3?
111122011
-20155 (base 8) to base 11
-6267
Convert 15240 (base 7) to base 16.
1092
Convert 6634 (base 10) to base 8.
14752
Convert -10001011011000 (base 2) to base 7.
-35002
1221 (base 6) to base 13
1a2
Convert -2c8 (base 16) to base 10.
-712
-2210200010 (base 3) to base 7
-316554
Convert -1b941 (base 13) to base 5.
-3214202
2041034 (base 5) to base 4
20101212
13301 (base 4) to base 2
111110001
-3050 (base 6) to base 14
-366
What is -3ec (base 15) in base 11?
-746
What is 394d (base 14) in base 8?
23521
Convert -28 (base 10) to base 7.
-40
1001201 (base 4) to base 16
1061
What is 1c01 (base 13) in base 10?
4226
Convert -14123 (base 8) to base 2.
-1100001010011
What is 111100011001 (base 2) in base 15?
122a
-466 (base 12) to base 14
-34a
110102212 (base 3) to base 2
10001101101100
What is 6050 (base 11) in base 13?
3877
Convert 1c4 (base 15) to base 11.
342
Convert 5ea5 (base 15) to base 5.
1121210
3352 (base 14) to base 15
297c
Convert -5b (base 16) to base 8.
-133
What is -5511 (base 7) in base 2?
-11110110000
1003152 (base 6) to base 4
23210030
4566 (base 10) to base 15
1546
-224626 (base 8) to base 12
-38106
Convert 381d (base 14) to base 5.
303302
What is 304143 (base 6) in base 8?
57277
What is -543 (base 13) in base 12?
-630
-134 (base 7) to base 16
-4a
-113d (base 15) to base 8
-7112
What is -22122012 (base 4) in base 8?
-123206
Convert 14901 (base 10) to base 15.
4636
What is 320032 (base 4) in base 12?
20ba
What is 9136 (base 11) in base 7?
50251
6 (base 14) to base 16
6
Convert 1a1 (base 14) to base 2.
101010001
2521 (base 7) to base 10
946
Convert 2004303 (base 5) to base 11.
21a05
Convert -218 (base 16) to base 3.
-201212
What is 1021030 (base 4) in base 5?
122214
What is -4015 (base 6) in base 7?
-2360
-2b55 (base 12) to base 13
-2429
Convert 300332 (base 4) to base 13.
1571
Convert -240 (base 8) to base 9.
-187
-39081 (base 11) to base 6
-1111115
Convert -10981 (base 11) to base 3.
-210200220
-1455 (base 6) to base 3
-112122
Convert -13231 (base 4) to base 15.
-22d
What is -100102 (base 3) in base 2?
-11111110
What is 2c9a (base 15) in base 16?
257b
Convert -bba (base 16) to base 9.
-4105
What is -110221 (base 3) in base 2?
-101011101
-12333 (base 4) to base 15
-1ec
97 (base 14) to base 15
8d
What is 1221 (base 3) in base 2?
110100
What is -20097 (base 11) in base 4?
-13023030
What is -9161 (base 13) in base 4?
-10320311
Convert 14030 (base 5) to base 8.
2164
Convert -2373 (base 9) to base 10.
-1767
What is -111210212 (base 3) in base 14?
-3951
Convert 690 (base 13) to base 11.
939
What is -1346 (base 7) in base 12?
-378
Convert -25d6 (base 15) to base 3.
-102002010
What is c18b (base 16) in base 6?
1021215
20210 (base 3) to base 8
267
What is -16c86 (base 13) in base 3?
-2020012020
What is 482 (base 10) in base 8?
742
Convert 268 (base 9) to base 5.
1344
Convert 101111010011010 (base 2) to base 16.
5e9a
Convert 33420 (base 6) to base 9.
6383
3d4 (base 15) to base 5
11444
-455 (base 10) to base 6
-2035
-111001011010 (base 2) to base 6
-25002
Convert -875 (base 9) to base 15.
-32b
1010001011 (base 2) to base 8
1213
Convert -13794 (base 11) to base 3.
-222212100
Convert 3103131 (base 4) to base 2.
11010011011101
What is 4751 (base 9) in base 15?
10a4
Convert -1061 (base 8) to base 3.
-202210
What is 1101000110111 (base 2) in base 5?
203321
What is -2102020 (base 3) in base 4?
-123201
Convert 2c4b (base 15) to base 11.
7176
What is 35 (base 6) in base 3?
212
What is -1575 (base 11) in base 8?
-3742
Convert -827 (base 14) to base 15.
-71d
What is -73273 (base 8) in base 16?
-76bb
8 (base 13) to base 2
1000
2553 (base 13) to base 16
14bb
What is -241 (base 6) in base 8?
-141
Convert -24113 (base 6) to base 9.
-4720
-16 (base 9) to base 2
-1111
1084 (base 9) to base 13
49c
-423240 (base 5) to base 11
-a735
301a (base 13) to base 12
39b2
Convert -101210220 (base 3) to base 6.
-100253
What is 434014 (base 5) in base 12?
8744
-1ac6 (base 13) to base 9
-5488
Convert 4a (base 13) to base 7.
116
5d6 (base 16) to base 12
a46
Convert 102020020 (base 3) to base 9.
12206
What is 1112 (base 16) in base 12?
2642
Convert -1001001110010 (base 2) to base 14.
-1a14
1638 (base 9) to base 3
1201022
Convert 3210 (base 4) to base 8.
344
What is -53330 (base 6) in base 10?
-7254
-23011 (base 4) to base 14
-389
1010111010101 (base 2) to base 12
3299
What is -b18a (base 14) in base 15?
-9087
-1101000010 (base 2) to base 12
-596
57e9 (base 15) to base 7
105300
What is 21120012 (base 3) in base 7?
22034
14094 (base 10) to base 3
201100000
340 (base 6) to base 4
2010
Convert -2058 (base 12) to base 11.
-2714
Convert -4886 (base 13) to base 14.
-3a42
Convert 101111000 (base 2) to base 13.
22c
Convert -3787 (base 9) to base 4.
-230101
Convert -1b28 (base 16) to base 6.
-52104
What is 341113 (base 5) in base 4?
2330001
What is -224b (base 15) in base 11?
-5510
-2241 (base 6) to base 13
-319
What is 117725 (base 9) in base 3?
10121210212
What is 8794 (base 11) in base 6?
125410
What is 23334 (base 5) in base 13?
a23
Convert -551 (base 11) to base 3.
-220111
-7d5 (base 14) to base 15
-6de
Convert -120461 (base 7) to base 12.
-10788
What is 4242 (base 7) in base 9?
2046
10062 (base 7) to base 9
3316
Convert -935 (base 15) to base 2.
-100000011011
What is -303 (base 12) in base 8?
-663
What is 24318 (base 9) in base 3?
211100122
Convert -25171 (base 10) to base 7.
-133246
What is -112240 (base 7) in base 6?
-232404
-10121102112 (base 3) to base 15
-1609e
552b (base 16) to base 10
21803
Convert -11031 (base 4) to base 11.
-283
Convert 1010011100010100 (base 2) to base 13.
16612
322 (base 7) to base 9
201
What is 52063 (base 7) in base 3?
122110201
Convert -1200502 (base 6) to base 12.
-30132
What is -12113112 (base 4) in base 16?
-65d6
What is 420 (base 10) in base 7?
1140
20635 (base 9) to base 4
3111020
Convert 1c99 (base 13) to base 6.
32051
What is -2132 (base 6) in base 7?
-1265
a5 (base 13) to base 2
10000111
5611 (base 7) to base 15
8e7
324440 (base 5) to base 3
120102111
Convert 286 (base 12) to base 5.
3030
What is -109 (base 13) in base 11?
-152
What is 401046 (base 7) in base 14?
1a8cd
2c44 (base 13) to base 9
8787
What is -54d (base 15) in base 8?
-2256
What is 31011111 (base 4) in base 14?
1575b
Convert 3335 (base 7) to base 6.
5322
1ccc (base 13) to base 9
6021
Convert 11235 (base 7) to base 13.
13c8
Convert 10200 (base 5) to base 7.
1653
Convert 50 (base 6) to base 2.
11110
Convert 596 (base 12) to base 9.
1126
Convert 29555 (base 13) to base 4.
102333302
Convert -10111101101000 (base 2) to base 8.
-27550
Convert 6173 (base 14) to base 11.
11658
4143 (base 8) to base 13
c92
18745 (base 9) to base 5
404001
Convert 10110000 (base 2) to base 8.
260
Convert 9512 (base 15) to base 14.
b6b3
-6b3 (base 15) to base 8
-2756
What is -1025 (base 7) in base 3?
-111102
Convert 4a4 (base 13) to base 10.
810
4e (base 16) to base 13
60
Convert -a36 (base 12) to base 13.
-8a0
Convert 100 (base 11) to base 8.
171
-1893 (base 10) to base 4
-131211
What is -3207 (base 9) in base 7?
-6604
22107 (base 9) to base 11
10025
What is -30341 (base 5) in base 14?
-a0b
Convert bce (base 15) to base 9.
3585
What is 14446 (base 7) in base 9?
5437
What is -5340 (base 6) in base 11?
-a02
Convert -12225 (base 6) to base 10.
-1817
-5954 (base 12) to base 14
-3904
Convert -3686 (base 11) to base 9.
-6537
What is 3ef (base 16) in base 6?
4355
1546 (base 9) to base 16
498
10044 (base 8) to base 15
1357
196b (base 14) to base 11
3505
Convert -cd0 (base 14) to base 10.
-2534
What is -2311000 (base 4) in base 7?
-45526
What is -667 (base 15) in base 3?
-1222121
Convert 21075 (base 8) to base 11.
6649
What is 340241 (base 7) in base 11?
41214
Convert -121301 (base 5) to base 14.
-194c
-46240 (base 7) to base 3
-121011121
What is 532 (base 10) in base 11?
444
-1a98 (base 14) to base 12
-2972
Convert 230 (base 5) to base 12.
55
What is 54335 (base 8) in base 14?
840d
What is -48c6 (base 13) in base 16?
-283e
-32030 (base 5) to base 6
-13524
Convert 621 (base 7) to base 15.
159
-30511 (base 8) to base 6
-134225
What is -52a (base 11) in base 9?
-777
What is -3546 (base 8) in base 13?
-b29
-142423 (base 5) to base 4
-1131210
What is -2700 (base 8) in base